9857 a prime number?
False
Is 228829 a prime number?
True
Is 33101 composite?
True
Is 241991 composite?
True
Is 24943 a composite number?
False
Is 45077 composite?
False
Is 239 prime?
True
Is 17957 prime?
True
Is 1059397 a prime number?
False
Is 474119 a composite number?
False
Is 50309 a prime number?
False
Is 736843 composite?
False
Is 3589 prime?
False
Is 113209 prime?
True
Is 1671 a composite number?
True
Is 47251 composite?
False
Is 31307 prime?
True
Is 417607 a prime number?
False
Is 1115 prime?
False
Is 362369 a composite number?
True
Is 129757 prime?
True
Is 5581 composite?
False
Is 88333 a composite number?
True
Is 1429163 a prime number?
True
Is 415861 a composite number?
False
Is 393982 a prime number?
False
Is 31909 composite?
True
Is 172969 a composite number?
False
Is 245878 a prime number?
False
Is 813041 prime?
True
Is 1753 a composite number?
False
Is 3401 composite?
True
Is 191861 a composite number?
False
Is 2846 prime?
False
Is 293893 a composite number?
False
Is 1110409 a composite number?
True
Is 1541509 a prime number?
False
Is 267271 composite?
False
Is 68869 composite?
True
Is 559 prime?
False
Is 6737 composite?
False
Is 16859 a prime number?
False
Is 126287 composite?
True
Is 67601 composite?
False
Is 42899 composite?
False
Is 19 prime?
True
Is 1395029 a composite number?
False
Is 226679 a composite number?
True
Is 84683 a prime number?
False
Is 7773 a prime number?
False
Is 27955 composite?
True
Is 8039 prime?
True
Is 445 composite?
True
Is 182795 composite?
True
Is 29473 a prime number?
True
Is 122921 a prime number?
True
Is 3691 composite?
False
Is 221047 a composite number?
False
Is 521827 a composite number?
True
Is 192313 prime?
False
Is 72859 a composite number?
False
Is 96043 a prime number?
True
Is 29983 a prime number?
True
Is 7744899 a prime number?
False
Is 112687 a composite number?
False
Is 10102 prime?
False
Is 843943 composite?
True
Is 363253 a composite number?
True
Is 99074 composite?
True
Is 3607 composite?
False
Is 219839 prime?
True
Is 82651 composite?
False
Is 87293 prime?
True
Is 27847 composite?
False
Is 276617 prime?
False
Is 145009 a composite number?
False
Is 83017 a prime number?
False
Is 76402 a prime number?
False
Is 6757 a composite number?
True
Is 3386 a prime number?
False
Is 3103 a prime number?
False
Is 13649 a composite number?
False
Is 533 composite?
True
Is 12193 a prime number?
False
Is 20737 prime?
False
Is 2177779 a composite number?
False
Is 4577 composite?
True
Is 27831 prime?
False
Is 5249 composite?
True
Is 5941 composite?
True
Is 133915 a prime number?
False
Is 162543 a prime number?
False
Is 117541 a composite number?
False
Is 164134 a composite number?
True
Is 114269 composite?
False
Is 275407 prime?
False
Is 17414 a composite number?
True
Is 80849 a prime number?
True
Is 263723 a composite number?
False
Is 300277 prime?
True
Is 677855 prime?
False
Is 8011 prime?
True
Is 32467 prime?
True
Is 16769 composite?
True
Is 93407 prime?
True
Is 4902514 a composite number?
True
Is 351791 a prime number?
False
Is 133573 composite?
True
Is 83179 a prime number?
False
Is 55009 a prime number?
True
Is 13499 a prime number?
True
Is 25391 a composite number?
False
Is 59771 prime?
True
Is 3639 prime?
False
Is 104569 composite?
True
Is 807019 a prime number?
False
Is 3431 a composite number?
True
Is 863119 prime?
True
Is 13669 prime?
True
Is 107897 prime?
True
Is 552379 a composite number?
False
Is 1847 a composite number?
False
Is 19563 composite?
True
Is 24602 a composite number?
True
Is 14143 a prime number?
True
Is 12979 a prime number?
True
Is 32947 a prime number?
False
Is 1523 a prime number?
True
Is 44417 a composite number?
False
Is 691 a prime number?
True
Is 6922879 composite?
False
Is 4049 prime?
True
Is 2267 a prime number?
True
Is 30431 a composite number?
False
Is 26489 a prime number?
True
Is 1657 a composite number?
False
Is 132017 a prime number?
False
Is 865603 a prime number?
False
Is 11114 a prime number?
False
Is 2477 prime?
True
Is 21313 prime?
True
Is 2995139 a prime number?
False
Is 3274 prime?
False
Is 7789 a prime number?
True
Is 128857 a prime number?
True
Is 1193 prime?
True
Is 26209 composite?
False
Is 575697 prime?
False
Is 63577 prime?
True
Is 125959 prime?
True
Is 48838 prime?
False
Is 157609 a composite number?
True
Is 22189 composite?
False
Is 40901 a prime number?
False
Is 40081 composite?
True
Is 1205 composite?
True
Is 792223 prime?
True
Is 11159 a composite number?
False
Is 205039 composite?
True
Is 3749 composite?
True
Is 23843 a composite number?
True
Is 9841 a prime number?
False
Is 59903 prime?
False
Is 1189967 a prime number?
True
Is 6406 prime?
False
Is 10301 a prime number?
True
Is 494889 composite?
True
Is 4729 a prime number?
True
Is 32639 a prime number?
False
Is 910619 composite?
False
Is 998717 a prime number?
True
Is 299993 a composite number?
False
Is 201193 a prime number?
True
Is 600889 prime?
True
Is 455527 composite?
False
Is 85691 a prime number?
True
Is 19069 a composite number?
False
Is 7186 a prime number?
False
Is 1973 a prime number?
True
Is 72797 a composite number?
False
Is 20227 prime?
False
Is 29989 a composite number?
False
Is 13397 a prime number?
True
Is 992327 prime?
False
Is 4271 prime?
True
Is 1403 prime?
False
Is 7715 composite?
True
Is 7067 a composite number?
True
Is 8101 a prime number?
True
Is 36289 composite?
True
Is 12603 prime?
False
Is 189547 a prime number?
True
Is 4848839 composite?
False
Is 29851 composite?
False
Is 127183 prime?
False
Is 1099 a prime number?
False
Is 5755 a prime number?
False
Is 596327 composite?
True
Is 398603 a composite number?
True
Is 3877 a composite number?
False
Is 407 prime?
False
Is 571331 a prime number?
True
Is 102121 prime?
True
Is 4099 composite?
False
Is 27161 a composite number?
True
Is 3127 a composite number?
True
Is 712487 composite?
True
Is 9511 composite?
False
Is 7563 composite?
True
Is 24523 a prime number?
False
Is 22051 a prime number?
True
Is 126505 composite?
True
Is 52103 prime?
True
Is 46133 a prime number?
True
Is 139991 composite?
False
Is 3449 a composite number?
False
Is 23599 composite?
False
Is 14173 composite?
False
Is 13157 composite?
True
Is 1431253 a composite number?
False
Is 41161 prime?
True
Is 1969 a prime number?
False
Is 302213 composite?
False
Is 168977 composite?
False
Is 648751 prime?
False
Is 719 a composite number?
False
Is 13033 composite?
False
Is 63059 composite?
False
Is 3019541 a prime number?
False
Is 8887 prime?
True
Is 53129 a composite number?
False
Is 983567 prime?
False
Is 46285 prime?
False
Is 36479 prime?
True
Is 917717 a prime number?
False
Is 264151 composite?
True
Is 7433 composite?
False
Is 36899 composite?
False
Is 2461 composite?
True
Is 40405 a prime number?
False
Is 21631 a composite number?
True
Is 10357 prime?
True
Is 179729 a prime number?
False
Is 285331 a prime number?
False
Is 44143 prime?
False
Is 175909 prime?
True
Is 145391 composite?
False
Is 972091 composite?
False
Is 2179 a prime number?
True
Is 13649 a prime number?
True
Is 2719 a composite number?
False
Is 36589 a prime number?
False
Is 92849 prime?
True
Is 1601137 prime?
True
Is 987841 a composite number?
True
Is 2609 prime?
True
Is 2219 composite?
True
Is 3389 prime?
True
Is 7817 prime?
True
Is 2019679 a composite number?
False
Is 130901 composite?
True
Is 541339 prime?
True
Is 477193 composite?
True
Is 3163 a composite number?
False
Is 156319 prime?
True
Is 38242 prime?
False
Is 1229 a prime number?
True
Is 57055 a prime number?
False
Is 5545 prime?
False
Is 146435 composite?
True
Is 88883 prime?
True
Is 166651 a prime number?
False
Is 90089 prime?
True
Is 5455 prime?
False
Is 91 a composite number?
True
Is 5137 a composite number?
True
Is 607741 composite?
False
Is 6979 prime?
False
Is 3691 prime?
True
Is 9767 a composite number?
False
Is 433469 a prime number?
True
Is 404129 composite?
True
Is 759641 a prime number?
True
Is 9181 composite?
False
Is 17783 prime?
True
Is 124409 prime?
False
Is 22951 a prime number?
False
Is 53549 a prime number?
True
Is 1487623 a composite number?
False
Is 6779 a prime number?
True
Is 12149 prime?
True
Is 21139 prime?
True
Is 944003 a composite number?
False
Is 145771 composite?
False
Is 250169 prime?
True
Is 31